*l**2/2 - l - 1. Determine z(g).
5
Let a(t) = -t**3 + t**2 - 3. Let p = 10 + -10. Suppose p = -4*q - 0*q. Determine a(q).
-3
Let l(v) = v**2 + 7*v + 6. Let c be l(-5). Let d(s) = -5*s - 6. Calculate d(c).
14
Let z(y) = -4 + 4*y + 6*y**2 - 9*y**2 + 4*y**2 + 2*y. Give z(-5).
-9
Let t = 24 + -16. Let p(b) = b**2 - 8*b + 3. What is p(t)?
3
Let p(m) = -2*m**2 + 2*m + 3. Let g be p(-3). Let r be 45/g + 2/14. Let h(b) be the third derivative of b**4/24 + b**3/6 - b**2. Calculate h(r).
-1
Let f(h) be the second derivative of -h**4/6 - h**3/3 + h**2 + 32*h. Give f(2).
-10
Let b(c) = -11*c**2 - c - 8*c - 5 - 4*c**2. Let s(n) = 4*n**2 + 2*n + 1. Let t(p) = 2*b(p) + 9*s(p). What is t(1)?
5
Let s(w) = w**3 - 4*w**2 + w. Suppose 0 = -y + 4 - 2. Let x be 2 - (-1 + 1)/y. What is s(x)?
-6
Let t(l) = 2*l**3 + 25*l**2 - l + 2. Let s(g) = g**3 + 13*g**2 - g + 1. Let p(r) = -11*s(r) + 6*t(r). Determine p(-6).
7
Let d(q) = -q**2 - 5*q - 4. Let y(z) = 5*z - 4 - 7*z**2 + z**3 + 3*z + 0*z - 2*z**3. Let b be y(-8). What is d(b)?
0
Suppose -4*w = -2*t - 0*t, 0 = -w - t. Suppose 3*s + w*j + 4*j + 14 = 0, 4*s + 5*j = -18. Let r(d) = -4*d**2 + 5*d**2 - 4*d - 1 + 3*d + 0*d. Give r(s).
5
Let c(q) be the third derivative of q**5/60 - q**4/24 - q**3/6 + q**2. Give c(1).
-1
Let f(b) = 2*b**3 + 7*b**2 + 2*b + 16. Let m(n) = 3*n**3 + 11*n**2 + 3*n + 24. Let t(v) = 7*f(v) - 5*m(v). Let y(l) = -l**2 - l. Let p be y(-3). Determine t(p).
-2
Suppose -11 = -6*q + 13. Let c(o) = o**2 - 4*o + 4. Give c(q).
4
Suppose -4*f + c = -10, c = -f - f + 2. Suppose f*i = -i. Let h(j) = 3*j - 3*j**2 + 0*j**2 + j**3 + i*j. Determine h(2).
2
Let u(v) = v**3 - 4*v**2 - 8*v + 6. Let o(m) = -m + 5. Let t be o(0). Calculate u(t).
-9
Let s(i) = i + 1. Let x(m) = m**2 + 13*m + 9. Let n be x(-12). Give s(n).
-2
Suppose 4*v = -4*p + 16, 5*p + 1 = -2*v + 18. Let k(q) = 13*q**2 - 3*q - 1. Let u(o) = o**2 - o. Let w(s) = -k(s) + 4*u(s). Give w(v).
-9
Let j be 2 - 0*2/6. Suppose -4*i = 0, -3*i + i - 6 = -j*l. Suppose -l*h + 2 = -1. Let g(c) = 6*c**2 - c + 1. Calculate g(h).
6
Let s be (-16)/(-104) - (-28)/(-13). Let u(v) be the first derivative of 2*v**2 + 1 + 3*v + 1/3*v**3 - 1/4*v**4. Determine u(s).
7
Let n(o) be the third derivative of o**4/24 + o**3/6 - o**2. Suppose 5*m + 36 - 11 = 0. Let p = 9 + m. Determine n(p).
5
Suppose -4*s = -14 + 2. Let m(n) be the first derivative of -n**4/12 + n**3/3 - n**2 - 6*n - 1. Let x(i) be the first derivative of m(i). Calculate x(s).
-5
Let m(b) = b**3 - 3*b**2 + 2*b + 1. Let i be (-2 - -1) + (5 - 2). Suppose -o = o. Suppose o = 2*z + i*z - 12. Determine m(z).
7
Let f(c) = c**3 + c**2. Let b be (-1)/1 + -1 + 3. Let l be f(b). Let m be 3 + (0 - (-4)/l). Let a(i) = -i**3 + 4*i**2 + 5*i - 2. Determine a(m).
-2
Let s be 3/6 + 2/(-4). Let z(b) = -4 + 9*b + s + 3. Give z(-1).
-10
Suppose 4*b = 3*x + 20, 3*b - 10 = b - 2*x. Let y(d) = -3*d**3 + 5*d**2 + d**3 + d**3. Let o be y(b). Let k(s) = -s**2 + 11. Give k(o).
11
Let g(i) be the first derivative of i**4/4 - i**2 + 3*i + 1. Let n(t) = -t**3 + 8*t**2 - 6*t - 5. Let r = -10 - -17. Let f be n(r). What is g(f)?
7
Let q(u) = u - 1 + 2 - 6 - 5. Determine q(6).
-4
Let s be (-2)/4*(4 - 4)/(-3). Let f(w) be the first derivative of w**5/60 - w**4/24 - w**3/2 - w**2/2 - 1. Let y(h) be the second derivative of f(h). Give y(s).
-3
Let w(m) = m - 1. Let l be w(2). Let s(q) = 8*q + 4. Let n(k) = -1. Let r(t) = -3*n(t) - s(t). Calculate r(l).
-9
Let p = 12 + -7. Let c = p - 3. Let f(m) = -m**2 - 3*m + 2. What is f(c)?
-8
Let x(d) = -4*d**3 - 4*d**2 + 6*d - 2. Let i(z) = -3*z**3 - 4*z**2 + 5*z - 2. Let u(k) = 3*i(k) - 2*x(k). Calculate u(-4).
-14
Let h(n) = n**2 + 6*n - 1. Let l be 2 - 4 - (-2 - -6). Give h(l).
-1
Suppose 2*q = 7*q. Let l = 1 + q. Let o(r) = -2*r**2 - r + 1. Calculate o(l).
-2
Let s(c) be the second derivative of c**3/6 + c**2 - 2*c. Suppose 0 = -5*x + 2*x. Let t be (0 + 0)/(x - -1). Give s(t).
2
Let h(z) be the first derivative of z**2/2 - z - 1. Suppose -33*j + 39*j = 6. Determine h(j).
0
Let a(b) be the second derivative of -5*b**3/6 + 11*b. Determine a(-1).
5
Suppose u = a - 3, u - 24*a + 15 = -20*a. Let s(z) = -z - 3*z + 0*z. What is s(u)?
-4
Let x(p) be the third derivative of -p**7/5040 + 7*p**6/720 - p**5/30 - 4*p**2. Let j(n) be the third derivative of x(n). What is j(3)?
4
Let m(y) = -y**2 + 12*y + 4. Let a(f) = -f**2 + 13*f + 5. Let i be (-116)/8 - (-2)/(-4). Let l be (1 + 1)/(6/i). Let g(c) = l*a(c) + 6*m(c). Calculate g(5).
9
Suppose 2*q = 4*q. Let x(j) = j**3 - j - 2. Determine x(q).
-2
Let i(v) be the first derivative of v**4/4 + 2*v**3 - 7*v**2/2 + 4*v - 4. Let d be i(-7). Let j = 2 + d. Let k(n) = -n. Give k(j).
-6
Let j(u) = u**2 + 1. Let m(q) = 5*q**2 + 5*q + 8. Let b(g) = 4*j(g) - m(g). Calculate b(-3).
2
Let j be 2/5 + (-10)/25. Suppose 4*f - 8 = -2*w - 2*w, j = 5*f. Suppose 14 = 4*g + w*t, 2*t - 6 = -g - 1. Let o(u) = -u**2 + u. What is o(g)?
-6
Suppose 2*p + 2 = -2*b, -b = -4*p - 3 - 21. Let w(q) = 11*q - 6*q - 4*q + 4. Determine w(p).
-1
Let j(m) be the second derivative of -m**3/3 - m**2/2 - 10*m. Calculate j(-3).
5
Let n(q) = -1 + 3 - 4*q - 4. Determine n(-3).
10
Let g(r) = 9*r**3 + r**2 + r. Suppose 0 = 5*j + 4*k + 31 - 10, -15 = -5*j + 5*k. What is g(j)?
-9
Let b(y) be the third derivative of -y**4/12 - y**3 - 5*y**2. Determine b(-4).
2
Let z(g) = -9*g**3 + 8*g**2 - 7*g - 15. Let j(n) = -9 + 2 + 4*n**2 + 2*n**3 - 6*n**3 - 3*n. Let x(q) = -7*j(q) + 3*z(q). What is x(3)?
-5
Let q(c) = -c**3 + 10*c**2 + 4*c + 9. Let m(p) = -p**3 + 11*p**2 + 4*p + 10. Let b(n) = 4*m(n) - 5*q(n). Calculate b(7).
16
Suppose 2 = 4*b - 6. Let t(z) = 1 - z**2 + 3*z - b*z - 2*z. Let o(l) = l**2 - 6*l - 2. Let f be o(6). Give t(f).
-1
Let g = 20 + -12. Suppose 6*c - g*c - 8 = 0. Let a be 2 + (0 - 3) - c. Let f(r) = 2*r - 1. Give f(a).
5
Let a(u) be the third derivative of 1/120*u**6 - 1/60*u**5 + 2*u**2 + 0*u + 0 + 7/6*u**3 + 0*u**4. Suppose x - 4*x = 0. Calculate a(x).
7
Let y(f) = f**3 + 12*f**2 - 2*f - 18. Let s be y(-12). Let j(z) = z**2 - 5*z. Give j(s).
6
Let a = 7 - 5. Let i(v) = 4*v**a - v**3 - 24*v - 1 + 26*v - 4. Let c(q) = -q**2 + 5*q + 4. Let m be c(5). Determine i(m).
3
Let p(x) = x - 8. Let q be p(9). Let r(b) = -b + 1. Let z(o) = o**2 - 5*o + 4. Let h(a) = q*z(a) - 5*r(a). Calculate h(-1).
0
Suppose 4*o + 2 = 26. Let l be 8/o*(-3)/(-2). Let d(c) = 3*c**2 - 1 - c**l - 1. Determine d(-2).
6
Let q(p) be the third derivative of 0*p + 1/8*p**4 + 1/6*p**3 - 1/30*p**5 + 3*p**2 + 0. Let b(v) = v**3 + 5*v**2 + 3*v - 1. Let w be b(-4). Determine q(w).
-8
Let n(x) be the second derivative of -x**3/3 + 5*x**2/2 - 7*x. Calculate n(-5).
15
Suppose 2*d - 7*d - 30 = 0. Let z = 4 + d. Let o(l) = -l**3 + 3 + 4*l**2 + 3*l - 2*l**2 - l**2. Calculate o(z).
9
Let u(s) = -5*s + 2. Let j(k) = -k. Let f(b) = -6*j(b) + u(b). Calculate f(5).
7
Suppose 44 = -3*m + 7*m. Let v(d) = 7*d + 12. Let f(h) = -1 + 23 + 13*h + 1. Let p(j) = m*v(j) - 6*f(j). Determine p(-3).
-3
Let l(b) be the third derivative of b**4/24 - b**3 - 21*b**2. Determine l(-7).
-13
Suppose 17 = b - 4*b + a, -2*b + 4*a = 28. Let l(y) = 0*y + 2*y + y**2 - 1929 + 1927. Give l(b).
6
Let t(x) = 5 - 2*x - 5*x**2 + 2 - 6*x**3 + 4*x**2. Let q(y) = -y**3 - y**2 - y + 1. Let v(m) = -5*q(m) + t(m). Determine v(5).
-8
Let c(w) = -2*w + 7. Let t(r) = -2*r + 7. Let i(l) = 4*c(l) - 3*t(l). Suppose -b = b + 8. Let s = b + 9. Determine i(s).
-3
Let c = -3 - -6. Let l(g) = -2*g**2 + 11. Let f(z) = -3*z**2 + 17. Let x(b) = 5*f(b) - 8*l(b). Determine x(c).
6
Let l(b) = -6*b - 3. Let w(s) = -s - 12. Let d be w(-10). Calculate l(d).
9
Let q(j) = 3 + j**2 - 8*j + 6 - 3. Let u(o) = -o**3 - o**2 - 3*o + 6. Let h be u(0). Calculate q(h).
-6
Let h(t) = t + 2*t + 6 - 5*t. Suppose 0 = 2*c - 3 - 3. Suppose -4*o + 4 = -c*o. Calculate h(o).
-2
Suppose 0*n = -3*n + 12. Let c(i) = i**3 - 3*i**2 - 3*i - 2. Give c(n).
2
Let y(g) = -g + 1. Let s be 8/(-14) + -5*45/35. Calculate y(s).
8
Let d(f) = -f - 3. Let m be (6/(-4))/(-3)*12. Let s(r) = r**2 - 7*r + 4. Let h be s(m). Calculate d(h).
-1
Let o(w) = 5*w - 2. Let x = 12 + -11. Suppose -3*b + 7 = x. Calculate o(b).
8
Let b(j) = 2*j**2 - j + 2. Let y be ((-1)/(-2))/(1/8). Let u(i) = 3*i**2 + 2. Let g(k) = y*b(k) - 3*u(k). Let v(n) = -48*n + 332. Let m be